{"id":698,"date":"2023-08-23T17:58:29","date_gmt":"2023-08-23T20:58:29","guid":{"rendered":"https:\/\/aldolammel.com\/loja\/?post_type=product&#038;p=698"},"modified":"2023-08-23T18:05:40","modified_gmt":"2023-08-23T21:05:40","slug":"operacao-mar-de-dentro-ebook-pdf","status":"publish","type":"product","link":"https:\/\/aldolammel.com\/loja\/produto\/operacao-mar-de-dentro-ebook-pdf\/","title":{"rendered":"Opera\u00e7\u00e3o Mar de Dentro (eBook PDF)"},"content":{"rendered":"<p>A Opera\u00e7\u00e3o Mar de Dentro partiu de Santa Cruz do Sul, onde Dem\u00e9trio morava, no dia 14 de janeiro de 2021, uma quinta-feira de sol, em dire\u00e7\u00e3o a Porto Alegre; atravessou o Gua\u00edba de catamar\u00e3, e rumou em dire\u00e7\u00e3o ao Sul por cidades como Tapes, Arambar\u00e9, S\u00e3o Loure\u00e7o do Sul, Pelotas e Rio Grande. Chegando em Rio Grande, atravessou, de barco, para S\u00e3o Jos\u00e9 do Norte, e, da\u00ed, em linha reta novamente, mas no sentido contr\u00e1rio (sul\/norte), passando por lugares como Estreito, Tavares, Mostardas e Capivari do Sul. Sempre pela BR 101, rumou em dire\u00e7\u00e3o a Os\u00f3rio, no Litoral Norte, onde encerrou formalmente a cicloviagem, ainda que tenha pedalado um pouco mais junto \u00e0 Lagoa dos Quadros, na altura de Cap\u00e3o da Canoa. O pref\u00e1cio \u00e9 do igualmente escritor e cicloturista Charles Zimmermann.<\/p>\n<p><strong>Dados do produto:<\/strong><\/p>\n<ul>\n<li><strong>ISBN:<\/strong> 978-65-994952-6-7<\/li>\n<li><strong>Autor: <\/strong>Dem\u00e9trio de Azeredo Soster<\/li>\n<li><strong>Edi\u00e7\u00e3o:<\/strong> 1\u00aa, Editora Catarse (2021)<\/li>\n<li><b>N\u00ba de p\u00e1ginas:<\/b> 86<\/li>\n<li><b>Idioma:<\/b> Portugu\u00eas brasileiro<\/li>\n<li><strong>Faixa et\u00e1ria:<\/strong> Livre<\/li>\n<li><b>Formato: <\/b>PDF (.pdf)<\/li>\n<li><b>Tamanho do arquivo:<\/b> ~20Mb<\/li>\n<\/ul>\n","protected":false},"excerpt":{"rendered":"<p>O livro conta a hist\u00f3ria da cicloviagem que seu autor, Dem\u00e9trio de Azeredo Soster, realizou, sozinho, em janeiro de 2021, no entorno da Lagoa dos Patos, o nosso Mar de Dentro, que \u00e9 como os antigos chamavam a maior laguna da Am\u00e9rica do Sul. E com raz\u00e3o, diga-se: e l\u00e1 se v\u00e3o 265 km de extens\u00e3o, 60 km de largura e profundidade m\u00e9dia de tr\u00eas metros, o que representa uma l\u00e2mina de \u00e1gua de 10.144 km\u00b2.<\/p>\n","protected":false},"featured_media":699,"comment_status":"open","ping_status":"closed","template":"","meta":[],"product_brand":[],"product_cat":[15],"product_tag":[78,39,83,37,40,41,79],"class_list":{"0":"post-698","1":"product","2":"type-product","3":"status-publish","4":"has-post-thumbnail","6":"product_cat-livros","7":"product_tag-bicicleta","8":"product_tag-bikepacking","9":"product_tag-brasil","10":"product_tag-cicloviagem","11":"product_tag-memorias","12":"product_tag-nao-ficcao","13":"product_tag-pdf","15":"first","16":"instock","17":"downloadable","18":"virtual","19":"purchasable","20":"product-type-simple"},"jetpack_sharing_enabled":true,"_links":{"self":[{"href":"https:\/\/aldolammel.com\/loja\/wp-json\/wp\/v2\/product\/698","targetHints":{"allow":["GET"]}}],"collection":[{"href":"https:\/\/aldolammel.com\/loja\/wp-json\/wp\/v2\/product"}],"about":[{"href":"https:\/\/aldolammel.com\/loja\/wp-json\/wp\/v2\/types\/product"}],"replies":[{"embeddable":true,"href":"https:\/\/aldolammel.com\/loja\/wp-json\/wp\/v2\/comments?post=698"}],"wp:featuredmedia":[{"embeddable":true,"href":"https:\/\/aldolammel.com\/loja\/wp-json\/wp\/v2\/media\/699"}],"wp:attachment":[{"href":"https:\/\/aldolammel.com\/loja\/wp-json\/wp\/v2\/media?parent=698"}],"wp:term":[{"taxonomy":"product_brand","embeddable":true,"href":"https:\/\/aldolammel.com\/loja\/wp-json\/wp\/v2\/product_brand?post=698"},{"taxonomy":"product_cat","embeddable":true,"href":"https:\/\/aldolammel.com\/loja\/wp-json\/wp\/v2\/product_cat?post=698"},{"taxonomy":"product_tag","embeddable":true,"href":"https:\/\/aldolammel.com\/loja\/wp-json\/wp\/v2\/product_tag?post=698"}],"curies":[{"name":"wp","href":"https:\/\/api.w.org\/{rel}","templated":true}]}}

Operação Mar de Dentro (eBook PDF)

<p>A Operação Mar de Dentro partiu de Santa Cruz do Sul, onde Demétrio morava, no dia 14 de janeiro de 2021, uma quinta-feira de sol, em direção a Porto Alegre; atravessou o Guaíba de catamarã, e rumou em direção ao Sul por cidades como Tapes, Arambaré, São Loureço do Sul, Pelotas e Rio Grande. Chegando em Rio Grande, atravessou, de barco, para São José do Norte, e, daí, em linha reta novamente, mas no sentido contrário (sul/norte), passando por lugares como Estreito, Tavares, Mostardas e Capivari do Sul. Sempre pela BR 101, rumou em direção a Osório, no Litoral Norte, onde encerrou formalmente a cicloviagem, ainda que tenha pedalado um pouco mais junto à Lagoa dos Quadros, na altura de Capão da Canoa. O prefácio é do igualmente escritor e cicloturista Charles Zimmermann.</p>
<p><strong>Dados do produto:</strong></p>
<ul>
<li><strong>ISBN:</strong> 978-65-994952-6-7</li>
<li><strong>Autor: </strong>Demétrio de Azeredo Soster</li>
<li><strong>Edição:</strong> 1ª, Editora Catarse (2021)</li>
<li><b>Nº de páginas:</b> 86</li>
<li><b>Idioma:</b> Português brasileiro</li>
<li><strong>Faixa etária:</strong> Livre</li>
<li><b>Formato: </b>PDF (.pdf)</li>
<li><b>Tamanho do arquivo:</b> ~20Mb</li>
</ul>

<p>O livro conta a história da cicloviagem que seu autor, Demétrio de Azeredo Soster, realizou, sozinho, em janeiro de 2021, no entorno da Lagoa dos Patos, o nosso Mar de Dentro, que é como os antigos chamavam a maior laguna da América do Sul. E com razão, diga-se: e lá se vão 265 km de extensão, 60 km de largura e profundidade média de três metros, o que representa uma lâmina de água de 10.144 km².</p>
