{"id":643,"date":"2021-11-30T17:46:41","date_gmt":"2021-11-30T20:46:41","guid":{"rendered":"https:\/\/aldolammel.com\/loja\/?post_type=product&#038;p=643"},"modified":"2025-06-02T10:50:08","modified_gmt":"2025-06-02T13:50:08","slug":"trilhando-sonhos-de-thiago-fantinatti-1a-edicao-ebook-kindle","status":"publish","type":"product","link":"https:\/\/aldolammel.com\/loja\/produto\/trilhando-sonhos-de-thiago-fantinatti-1a-edicao-ebook-kindle\/","title":{"rendered":"Trilhando Sonhos, de Thiago Fantinatti, 1\u00aa edi\u00e7\u00e3o (eBook Kindle)"},"content":{"rendered":"<p><strong>Sobre o autor:<\/strong> sou um apaixonado pela liberdade. A partir de de 2007 pude descobrir a bicicleta e sua eloquente simplicidade. Um ve\u00edculo barato e de mec\u00e2nica simples impulsionado pela for\u00e7a humana. Quando percebi que podia cobrir grandes dist\u00e2ncias somente com a for\u00e7a das minhas pernas ela me cativou pra sempre. Trabalho com T.I. desde 1998, mais especificamente com desenvolvimento web. Em 2002 me formei em Processamento de Dados pela Fatec\/SP. Trabalhei muitos anos com fotografia e me interesso por ci\u00eancias, especialmente Astronomia. Atualmente vivo em Curitiba, onde comecei a praticar escalada. Trabalho como desenvolvedor de interfaces numa empresa especializada em com\u00e9rcio eletr\u00f4nico. Sempre que poss\u00edvel uso a bicicleta para ir ao trabalho que fica a 5 km de casa.<\/p>\n","protected":false},"excerpt":{"rendered":"<p>Escrito por Thiago Fantinatti, <strong><em>Trilhando Sonhos, 365 dias de bicicleta pela Am\u00e9rica do Sul<\/em><\/strong> conta a\u00a0 aventura de um brasileiro que sonhava em conhecer o vasto continente Sul-Americano sobre as duas rodas de uma bicicleta, de modo independente e sem pressa. Queria seguir do Atl\u00e2ntico ao Pac\u00edfico, dos Pampas ao Atacama, dos Andes \u00e0 Amaz\u00f4nia&#8230; Um ano depois e mais de 15.000 km pedalados, ele havia conseguido. Em <em>Trilhando Sonhos<\/em>, o viajante n\u00e3o s\u00f3 recorda sua grande aventura como tamb\u00e9m se deixa levar pelas lembran\u00e7as e anota\u00e7\u00f5es. Em suas p\u00e1ginas nos conduz n\u00e3o apenas a momentos engra\u00e7ados, relatos de causos marcantes e emocionantes, encontros com pessoas fascinantes e lugares desafiadores, mas tamb\u00e9m a momentos de desequil\u00edbrio, de temor e de dificuldades.<\/p>\n","protected":false},"featured_media":644,"comment_status":"open","ping_status":"closed","template":"","meta":[],"product_brand":[],"product_cat":[15],"product_tag":[68,74,69,38,37,17,25,43,41,48],"class_list":{"0":"post-643","1":"product","2":"type-product","3":"status-publish","4":"has-post-thumbnail","6":"product_cat-livros","7":"product_tag-america-do-sul","8":"product_tag-america-latina","9":"product_tag-aventura","10":"product_tag-cicloturismo","11":"product_tag-cicloviagem","12":"product_tag-diario","13":"product_tag-ebook","14":"product_tag-kindle","15":"product_tag-nao-ficcao","16":"product_tag-thiago-fantinatti","18":"first","19":"instock","20":"shipping-taxable","21":"product-type-external"},"jetpack_sharing_enabled":true,"_links":{"self":[{"href":"https:\/\/aldolammel.com\/loja\/wp-json\/wp\/v2\/product\/643","targetHints":{"allow":["GET"]}}],"collection":[{"href":"https:\/\/aldolammel.com\/loja\/wp-json\/wp\/v2\/product"}],"about":[{"href":"https:\/\/aldolammel.com\/loja\/wp-json\/wp\/v2\/types\/product"}],"replies":[{"embeddable":true,"href":"https:\/\/aldolammel.com\/loja\/wp-json\/wp\/v2\/comments?post=643"}],"wp:featuredmedia":[{"embeddable":true,"href":"https:\/\/aldolammel.com\/loja\/wp-json\/wp\/v2\/media\/644"}],"wp:attachment":[{"href":"https:\/\/aldolammel.com\/loja\/wp-json\/wp\/v2\/media?parent=643"}],"wp:term":[{"taxonomy":"product_brand","embeddable":true,"href":"https:\/\/aldolammel.com\/loja\/wp-json\/wp\/v2\/product_brand?post=643"},{"taxonomy":"product_cat","embeddable":true,"href":"https:\/\/aldolammel.com\/loja\/wp-json\/wp\/v2\/product_cat?post=643"},{"taxonomy":"product_tag","embeddable":true,"href":"https:\/\/aldolammel.com\/loja\/wp-json\/wp\/v2\/product_tag?post=643"}],"curies":[{"name":"wp","href":"https:\/\/api.w.org\/{rel}","templated":true}]}}