{"id":632,"date":"2021-11-28T14:48:33","date_gmt":"2021-11-28T17:48:33","guid":{"rendered":"https:\/\/aldolammel.com\/loja\/?post_type=product&#038;p=632"},"modified":"2026-02-11T04:00:42","modified_gmt":"2026-02-11T07:00:42","slug":"dia-922-capa-comum-internacional","status":"publish","type":"product","link":"https:\/\/aldolammel.com\/loja\/produto\/dia-922-capa-comum-internacional\/","title":{"rendered":"Dia 922, Uma longa hist\u00f3ria sobre estrada (Capa comum Europa, EUA, Austr\u00e1lia)"},"content":{"rendered":"<p><strong>Demonstra\u00e7\u00e3o:<\/strong><\/p>\n<ul>\n<li><a href=\"https:\/\/medium.com\/p\/7894f6d1afd2\" target=\"_blank\" rel=\"noopener noreferrer\">Cap\u00edtulo de introdu\u00e7\u00e3o<\/a><\/li>\n<\/ul>\n<p><strong>Dados do produto:<\/strong><\/p>\n<ul>\n<li><strong>ISBN:<\/strong> 978-65-00-35499-7<\/li>\n<li><strong>Autor: <\/strong>Aldo Lammel<\/li>\n<li><strong>Edi\u00e7\u00e3o:<\/strong> 1\u00aa, independente \/ internacional<\/li>\n<li><b>N\u00ba de p\u00e1ginas:<\/b> 510<\/li>\n<li><strong>N\u00ba de imagens:<\/strong> 29 fotos preto e branco<\/li>\n<li><strong>Conte\u00fado extra: <\/strong>166 fotos coloridas + 33 mapas + ~5 horas de epis\u00f3dios em filme;<\/li>\n<li><b>Idioma:<\/b> Portugu\u00eas brasileiro<\/li>\n<li><strong>Faixa et\u00e1ria:<\/strong> Adulto<\/li>\n<li><b>Formato: <\/b>Brochura 15&#215;23<\/li>\n<li><strong>Papel miolo: <\/strong>Cream paper (creme) 90g\/m\u00b2<\/li>\n<li><strong>Peso: <\/strong>848g<\/li>\n<\/ul>\n","protected":false},"excerpt":{"rendered":"<p><strong>Edi\u00e7\u00e3o para venda e entrega na Europa, Estados Unidos e Austr\u00e1lia. <\/strong>Para venda e entrega do livro impresso no Brasil, utilize a <a href=\"https:\/\/aldolammel.com\/loja\/produto\/dia-922-uma-longa-historia-sobre-estrada-capa-comum\/\">vers\u00e3o impressa nacional<\/a>.<\/p>\n<p><strong>E se voc\u00ea reservasse tr\u00eas anos da sua vida para viajar o mundo do jeito que fosse poss\u00edvel? Qual seria o dia que mais o marcaria?<\/strong><\/p>\n<p><em><strong>Dia 922<\/strong><\/em> \u00e9 um mergulho visceral na vida n\u00f4made de um brasileiro de 30 anos em sua aventura global, sem dinheiro, sem falar outros idiomas e sozinho por 1.135 dias de estrada.<\/p>\n<p>Escrito ao longo dos 33 pa\u00edses da jornada, o livro \u00e9 um registro vivo de pessoas, lugares e o tempo em movimento. Uma hist\u00f3ria real sobre sonhar, fazer acontecer e se divertir.<\/p>\n<h3><strong>Quero comprar<\/strong><\/h3>\n<p>Comprar e entregar este livro impresso via <a href=\"https:\/\/www.amazon.es\/-\/pt\/dp\/6500354990\/\" target=\"_blank\" rel=\"noopener\">Amazon Portugal<\/a><\/p>\n<p>Comprar e entregar este livro impresso via <a href=\"https:\/\/www.amazon.es\/Dia-922-longa-hist%C3%B3ria-estrada\/dp\/6500354990\/\" target=\"_blank\" rel=\"noopener\">Amazon Espanha<\/a><\/p>\n<p>Comprar e entregar este livro impresso via <a href=\"https:\/\/www.amazon.co.uk\/Dia-922-longa-hist%C3%B3ria-estrada\/dp\/6500354990\/\" target=\"_blank\" rel=\"noopener\">Amazon Reino Unido<\/a><\/p>\n<p>Comprar e entregar este livro impresso via <a href=\"https:\/\/www.amazon.fr\/Dia-922-longa-hist%C3%B3ria-estrada\/dp\/6500354990\/\" target=\"_blank\" rel=\"noopener\">Amazon Fran\u00e7a<\/a><\/p>\n<p>Comprar e entregar este livro impresso via <a href=\"https:\/\/www.amazon.it\/Dia-922-longa-hist%C3%B3ria-estrada\/dp\/6500354990\/\" target=\"_blank\" rel=\"noopener\">Amazon It\u00e1lia<\/a><\/p>\n<p>Comprar e entregar este livro impresso via <a href=\"https:\/\/www.amazon.de\/Dia-922-longa-hist%C3%B3ria-estrada\/dp\/6500354990\/\" target=\"_blank\" rel=\"noopener\">Amazon Alemanha<\/a><\/p>\n<p>Comprar e entregar este livro impresso via <a href=\"https:\/\/www.amazon.com\/Dia-922-longa-hist%C3%B3ria-estrada\/dp\/6500354990\/\" target=\"_blank\" rel=\"noopener\">Amazon Estados Unidos<\/a><\/p>\n<p>Comprar e entregar este livro impresso via <a href=\"https:\/\/www.amazon.com.au\/Dia-922-longa-hist%C3%B3ria-estrada\/dp\/6500354990\/\" target=\"_blank\" rel=\"noopener\">Amazon Austr\u00e1lia<\/a><\/p>\n<h3><strong>Para outros pa\u00edses n\u00e3o-listados<\/strong><\/h3>\n<p>Entre na sua conta da Amazon e, no campo de busca, selecione &#8220;Livro&#8221; e escreva em seguida &#8220;Dia 922&#8221;. Ser\u00e1 exibido ambas as vers\u00f5es do livro. Escolha a vers\u00e3o impressa, confirme o endere\u00e7o de entrega e pronto.<\/p>\n<p>&nbsp;<\/p>\n","protected":false},"featured_media":740,"comment_status":"open","ping_status":"closed","template":"","meta":[],"product_brand":[],"product_cat":[15,63],"product_tag":[64,34,39,59,44,38,37,17,33,36,35,18,40,31,41,58,32,20,62],"class_list":{"0":"post-632","1":"product","2":"type-product","3":"status-publish","4":"has-post-thumbnail","6":"product_cat-livros","7":"product_cat-entrega-internacional","8":"product_tag-amazon","9":"product_tag-backpacking","10":"product_tag-bikepacking","11":"product_tag-brochura","12":"product_tag-capa-comum","13":"product_tag-cicloturismo","14":"product_tag-cicloviagem","15":"product_tag-diario","16":"product_tag-hitchhiking","17":"product_tag-impresso","18":"product_tag-interativo","19":"product_tag-livro","20":"product_tag-memorias","21":"product_tag-mochilao","22":"product_tag-nao-ficcao","23":"product_tag-papel","24":"product_tag-relatos-de-viagem","25":"product_tag-volta-ao-mundo","26":"product_tag-word-trip","28":"first","29":"instock","30":"featured","31":"shipping-taxable","32":"product-type-external"},"jetpack_sharing_enabled":true,"_links":{"self":[{"href":"https:\/\/aldolammel.com\/loja\/wp-json\/wp\/v2\/product\/632","targetHints":{"allow":["GET"]}}],"collection":[{"href":"https:\/\/aldolammel.com\/loja\/wp-json\/wp\/v2\/product"}],"about":[{"href":"https:\/\/aldolammel.com\/loja\/wp-json\/wp\/v2\/types\/product"}],"replies":[{"embeddable":true,"href":"https:\/\/aldolammel.com\/loja\/wp-json\/wp\/v2\/comments?post=632"}],"wp:featuredmedia":[{"embeddable":true,"href":"https:\/\/aldolammel.com\/loja\/wp-json\/wp\/v2\/media\/740"}],"wp:attachment":[{"href":"https:\/\/aldolammel.com\/loja\/wp-json\/wp\/v2\/media?parent=632"}],"wp:term":[{"taxonomy":"product_brand","embeddable":true,"href":"https:\/\/aldolammel.com\/loja\/wp-json\/wp\/v2\/product_brand?post=632"},{"taxonomy":"product_cat","embeddable":true,"href":"https:\/\/aldolammel.com\/loja\/wp-json\/wp\/v2\/product_cat?post=632"},{"taxonomy":"product_tag","embeddable":true,"href":"https:\/\/aldolammel.com\/loja\/wp-json\/wp\/v2\/product_tag?post=632"}],"curies":[{"name":"wp","href":"https:\/\/api.w.org\/{rel}","templated":true}]}}

Dia 922, Uma longa história sobre estrada (Capa comum Europa, EUA, Austrália)

<p><strong>Demonstração:</strong></p>
<ul>
<li><a href="https://medium.com/p/7894f6d1afd2" target="_blank" rel="noopener noreferrer">Capítulo de introdução</a></li>
</ul>
<p><strong>Dados do produto:</strong></p>
<ul>
<li><strong>ISBN:</strong> 978-65-00-35499-7</li>
<li><strong>Autor: </strong>Aldo Lammel</li>
<li><strong>Edição:</strong> 1ª, independente / internacional</li>
<li><b>Nº de páginas:</b> 510</li>
<li><strong>Nº de imagens:</strong> 29 fotos preto e branco</li>
<li><strong>Conteúdo extra: </strong>166 fotos coloridas + 33 mapas + ~5 horas de episódios em filme;</li>
<li><b>Idioma:</b> Português brasileiro</li>
<li><strong>Faixa etária:</strong> Adulto</li>
<li><b>Formato: </b>Brochura 15&#215;23</li>
<li><strong>Papel miolo: </strong>Cream paper (creme) 90g/m²</li>
<li><strong>Peso: </strong>848g</li>
</ul>

<p><strong>Edição para venda e entrega na Europa, Estados Unidos e Austrália. </strong>Para venda e entrega do livro impresso no Brasil, utilize a <a href="https://aldolammel.com/loja/produto/dia-922-uma-longa-historia-sobre-estrada-capa-comum/">versão impressa nacional</a>.</p>
<p><strong>E se você reservasse três anos da sua vida para viajar o mundo do jeito que fosse possível? Qual seria o dia que mais o marcaria?</strong></p>
<p><em><strong>Dia 922</strong></em> é um mergulho visceral na vida nômade de um brasileiro de 30 anos em sua aventura global, sem dinheiro, sem falar outros idiomas e sozinho por 1.135 dias de estrada.</p>
<p>Escrito ao longo dos 33 países da jornada, o livro é um registro vivo de pessoas, lugares e o tempo em movimento. Uma história real sobre sonhar, fazer acontecer e se divertir.</p>
<h3><strong>Quero comprar</strong></h3>
<p>Comprar e entregar este livro impresso via <a href="https://www.amazon.es/-/pt/dp/6500354990/" target="_blank" rel="noopener">Amazon Portugal</a></p>
<p>Comprar e entregar este livro impresso via <a href="https://www.amazon.es/Dia-922-longa-hist%C3%B3ria-estrada/dp/6500354990/" target="_blank" rel="noopener">Amazon Espanha</a></p>
<p>Comprar e entregar este livro impresso via <a href="https://www.amazon.co.uk/Dia-922-longa-hist%C3%B3ria-estrada/dp/6500354990/" target="_blank" rel="noopener">Amazon Reino Unido</a></p>
<p>Comprar e entregar este livro impresso via <a href="https://www.amazon.fr/Dia-922-longa-hist%C3%B3ria-estrada/dp/6500354990/" target="_blank" rel="noopener">Amazon França</a></p>
<p>Comprar e entregar este livro impresso via <a href="https://www.amazon.it/Dia-922-longa-hist%C3%B3ria-estrada/dp/6500354990/" target="_blank" rel="noopener">Amazon Itália</a></p>
<p>Comprar e entregar este livro impresso via <a href="https://www.amazon.de/Dia-922-longa-hist%C3%B3ria-estrada/dp/6500354990/" target="_blank" rel="noopener">Amazon Alemanha</a></p>
<p>Comprar e entregar este livro impresso via <a href="https://www.amazon.com/Dia-922-longa-hist%C3%B3ria-estrada/dp/6500354990/" target="_blank" rel="noopener">Amazon Estados Unidos</a></p>
<p>Comprar e entregar este livro impresso via <a href="https://www.amazon.com.au/Dia-922-longa-hist%C3%B3ria-estrada/dp/6500354990/" target="_blank" rel="noopener">Amazon Austrália</a></p>
<h3><strong>Para outros países não-listados</strong></h3>
<p>Entre na sua conta da Amazon e, no campo de busca, selecione &#8220;Livro&#8221; e escreva em seguida &#8220;Dia 922&#8221;. Será exibido ambas as versões do livro. Escolha a versão impressa, confirme o endereço de entrega e pronto.</p>
<p>&nbsp;</p>
